{"id":2822,"date":"2022-02-08T11:27:21","date_gmt":"2022-02-08T11:27:21","guid":{"rendered":"http:\/\/whiteroseproject.seh.ox.ac.uk\/?page_id=2822"},"modified":"2022-02-08T11:27:21","modified_gmt":"2022-02-08T11:27:21","slug":"the-fifth-leaflet","status":"publish","type":"page","link":"https:\/\/whiteroseproject.seh.ox.ac.uk\/index.php\/the-fifth-leaflet\/","title":{"rendered":"The Fifth Leaflet"},"content":{"rendered":"\n<p>The fifth leaflet was written and distributed in January 1943. <\/p>\n\n\n\n<h4 class=\"wp-block-heading\" id=\"flugblatter-der-widerstandsbewegung-in-deutschland\"><strong>Flugbl\u00e4tter der Widerstandsbewegung in Deutschland<\/strong><\/h4>\n\n\n\n<p>Aufruf an alle Deutsche!<\/p>\n\n\n\n<p>Der Krieg geht seinem sicheren Ende entgegen. Wie im Jahre 1918 versucht die deutsche Regierung, alle Aufmerksamkeit auf die wachsende U-Bootgefahr zu lenken, w\u00e4hrend im Osten die Armeen unaufh\u00f6rlich zur\u00fcckstr\u00f6men, im Westen die Invasion erwartet wird. Die R\u00fcstung Amerikas hat ihren H\u00f6hepunkt noch nicht erreicht, aber heute schon \u00fcbertrifft sie alles in der Geschichte seither Dagewesene. Mit mathematischer Sicherheit f\u00fchrt Hitler das deutsche Volk in den Abgrund.&nbsp;<em>Hitler kann den Krieg nicht gewinnen, nur noch verl\u00e4ngern!<\/em>&nbsp;Seine und seiner Helfer Schuld hat jedes Ma\u00df unendlich \u00fcberschritten. Die gerechte Strafe r\u00fcckt n\u00e4her und n\u00e4her!<\/p>\n\n\n\n<p>Was aber tut das deutsche Volk? Es sieht nicht und es h\u00f6rt nicht. Blindlings folgt es seinen Verf\u00fchrern ins Verderben. Sieg um jeden Preis, haben sie auf ihre Fahne geschrieben. Ich k\u00e4mpfe bis zum letzten Mann, sagt Hitler \u2013 indes ist der Krieg bereits verloren.<\/p>\n\n\n\n<p>Deutsche! Wollt Ihr und Eure Kinder dasselbe Schicksal erleiden, das den Juden widerfahren ist? Wollt Ihr mit dem gleichen Ma\u00dfe gemessen werden, wie Eure Verf\u00fchrer? Sollen wir auf ewig das von aller Welt geha\u00dfte und ausgesto\u00dfene Volk sein? Nein! Darum trennt Euch von dem nationalsozialistischen Untermenschentum! Beweist durch die Tat, da\u00df Ihr anders denkt! Ein neuer Befreiungskrieg bricht an. Der\u202fbessere Teil des Volkes k\u00e4mpft auf unserer Seite. \u00adZerrei\u00dft den Mantel, der Gleichg\u00fcltigkeit, den Ihr um Euer Herz gelegt! Entscheidet Euch,&nbsp;<em>eh\u2019 es zu sp\u00e4t ist<\/em>!<\/p>\n\n\n\n<p>Glaubt nicht der nationalsozialistischen Propaganda, die Euch den Bolschewistenschreck in die Glieder ge\u00adjagt hat! Glaubt nicht, da\u00df Deutschlands Heil mit dem Sieg des Nationalsozialismus auf Gedeih und Verderben verbunden sei! Ein Verbrechertum kann keinen deutschen Sieg erringen. Trennt Euch recht\u00adzeitig von allem, was mit dem Nationalsozialismus zusammenh\u00e4ngt! Nachher wird ein schreckliches, aber gerechtes Gericht kommen \u00fcber die, so sich feig und unentschlossen verborgen hielten.<\/p>\n\n\n\n<p>Was lehrt uns der Ausgang dieses Krieges, der nie ein nationaler war?<\/p>\n\n\n\n<p>Der imperialistische Machtgedanke mu\u00df, von welcher Seite er auch kommen m\u00f6ge, f\u00fcr alle Zeit un\u00adsch\u00e4d\u00adlich gemacht werden. Ein einseitiger preu\u00dfischer Militarismus darf nie mehr zur Macht gelangen. Nur in gro\u00dfz\u00fcgiger Zusammenarbeit der europ\u00e4ischen V\u00f6lker kann der Boden geschaffen werden, auf welchem ein neuer Aufbau m\u00f6glich sein wird. Jede zentralistische Gewalt, wie sie der preu\u00dfische Staat in Deutschland und Europa auszu\u00fcben versucht hat, mu\u00df im Keime erstickt werden. Das kommende Deutschland kann nur f\u00f6deralistisch sein. Nur eine gesunde f\u00f6deralistische Staatenordnung vermag heute noch das ge\u00adschw\u00e4chte Europa mit neuem Leben zu erf\u00fcllen. Die Arbeiterschaft mu\u00df durch einen vern\u00fcnftigen Sozialismus aus ihrem Zustand niedrigster Sklaverei befreit werden. Das Truggebilde der autarken Wirtschaft mu\u00df in Europa verschwinden. Jedes Volk, jeder einzelne hat ein Recht auf die G\u00fcter der Welt!<\/p>\n\n\n\n<p>Freiheit der Rede, Freiheit des Bekenntnisses, Schutz des einzelnen B\u00fcrgers vor der Willk\u00fcr verbrecherischer Gewaltstaaten, das sind die Grundlagen des neuen Europa.<\/p>\n\n\n\n<p>Unterst\u00fctzt die Widerstandsbewegung, verbreitet die Flugbl\u00e4tter!<\/p>\n","protected":false},"excerpt":{"rendered":"<p>The fifth leaflet was written and distributed in January 1943. Flugbl\u00e4tter der Widerstandsbewegung in Deutschland Aufruf an alle Deutsche! Der Krieg geht seinem sicheren Ende entgegen. Wie im Jahre 1918 versucht die deutsche Regierung, alle Aufmerksamkeit auf die wachsende U-Bootgefahr zu lenken, w\u00e4hrend im Osten die Armeen unaufh\u00f6rlich zur\u00fcckstr\u00f6men, im Westen die Invasion erwartet wird. &hellip; <\/p>\n","protected":false},"author":2,"featured_media":0,"parent":0,"menu_order":0,"comment_status":"closed","ping_status":"closed","template":"","meta":{"footnotes":""},"class_list":["post-2822","page","type-page","status-publish","hentry"],"jetpack_sharing_enabled":true,"_links":{"self":[{"href":"https:\/\/whiteroseproject.seh.ox.ac.uk\/index.php\/wp-json\/wp\/v2\/pages\/2822","targetHints":{"allow":["GET"]}}],"collection":[{"href":"https:\/\/whiteroseproject.seh.ox.ac.uk\/index.php\/wp-json\/wp\/v2\/pages"}],"about":[{"href":"https:\/\/whiteroseproject.seh.ox.ac.uk\/index.php\/wp-json\/wp\/v2\/types\/page"}],"author":[{"embeddable":true,"href":"https:\/\/whiteroseproject.seh.ox.ac.uk\/index.php\/wp-json\/wp\/v2\/users\/2"}],"replies":[{"embeddable":true,"href":"https:\/\/whiteroseproject.seh.ox.ac.uk\/index.php\/wp-json\/wp\/v2\/comments?post=2822"}],"version-history":[{"count":1,"href":"https:\/\/whiteroseproject.seh.ox.ac.uk\/index.php\/wp-json\/wp\/v2\/pages\/2822\/revisions"}],"predecessor-version":[{"id":2823,"href":"https:\/\/whiteroseproject.seh.ox.ac.uk\/index.php\/wp-json\/wp\/v2\/pages\/2822\/revisions\/2823"}],"wp:attachment":[{"href":"https:\/\/whiteroseproject.seh.ox.ac.uk\/index.php\/wp-json\/wp\/v2\/media?parent=2822"}],"curies":[{"name":"wp","href":"https:\/\/api.w.org\/{rel}","templated":true}]}}