{"id":3509,"date":"2022-10-06T08:10:20","date_gmt":"2022-10-06T07:10:20","guid":{"rendered":"http:\/\/whiteroseproject.seh.ox.ac.uk\/?page_id=3509"},"modified":"2023-06-21T22:20:56","modified_gmt":"2023-06-21T21:20:56","slug":"graduate-committee-2021-2022","status":"publish","type":"page","link":"https:\/\/whiteroseproject.seh.ox.ac.uk\/index.php\/graduate-committee-2021-2022\/","title":{"rendered":"Graduate Committee, 2021-2022\u00a0"},"content":{"rendered":"\n<h3 class=\"wp-block-heading\"><strong>Collaboration between students and academics is at the heart of the White Rose Project. We are delighted to announce that this academic year (2021-2022) we have a new graduate committee.\u00a0<\/strong><\/h3>\n\n\n\n<p>Shivani Chauhan is pursuing a D.Phil. in German literature at the Faculty of Medieval and Modern Languages. Before coming to Oxford, she studied German language and literature at Jawaharlal Nehru University, New Delhi and also attended the University of Education, Weingarten, the University of Wuppertal, and the University of Freiburg as a guest scholar in Germany. Her DPhil research investigates the intersection of memory, migration and aesthetics in the German-language literature of the \u2018Eastern Turn\u2019.&nbsp;&nbsp;<\/p>\n\n\n\n<p>Shivani also co-organised this year\u2019s graduate conference, \u2018Rethinking Resistance\u2019 (see below).\u00a0<\/p>\n\n\n\n<p>Ro&nbsp;Crawford joined the White&nbsp;Rose project as an undergraduate translator in its inaugural year and is thrilled to return as a member of the Graduate Committee. Currently pursuing a master\u2019s degree in German literature,&nbsp;Ro&nbsp;is excited to help raise awareness of and engagement with the White&nbsp;Rose group and to help design the next stages of the project.&nbsp;<\/p>\n\n\n\n<p>Ro co-supervised the 2021-2022 undergraduate translation project.\u00a0<\/p>\n\n\n\n<p>Ombline Damy&nbsp;is a former student at Oxford. Having done a B.A. in Philosophy and Modern Languages (German) at St Hilda\u2019s college and an M.St. in Modern Languages (French and German) with a specific focus on Comparative Literature at Hertford college,&nbsp;Ombline\u2019s academic interests lie in the working of individual and cultural memory, and in their expressions in literature and culture. Having left Oxford last year, she is now working as a secondary school teacher in French literature and language in France, her home country.&nbsp;<\/p>\n\n\n\n<p>Ombline was involved in planning the 2021-2022 Project events and worked on the Oxford German Olympiad White Rose Prize.&nbsp;<\/p>\n\n\n\n<hr class=\"wp-block-separator has-alpha-channel-opacity\"\/>\n\n\n\n<h3 class=\"wp-block-heading has-text-align-center\">Graduate Conference Committee 2021-2022<\/h3>\n\n\n\n<p><strong>To co-plan and run the 2021-2022 graduate conference, we also had a Graduate Conference Committee. The four graduate members \u2013 Shivani Chauhan, Cailee Davis, Stephanie Franklin, and Hannah Scheithauer \u2013 co-organised a conference on the theme of \u2018Rethinking Resistance&#8217;, held in June 2022 thanks to generous support from the Critical-Thinking Communities Fund, The Queen\u2019s College, Oxford, and the Faculty of Medieval and Modern Languages, Oxford<\/strong>.<\/p>\n\n\n\n<p>Cailee\u00a0Davis is currently pursuing her doctoral studies at St. Anne\u2019s College, University of Oxford, examining the shifting modalities of transnational Holocaust representation across mixed media, including film, television, art, photography, and literature, as we move towards a post-witness, post-memory world and the Holocaust becomes removed from living memory. She is especially interested in the phenomenon of metareferentially, the act of self-reflexively drawing attention to th artifice of the work and\/or the medium, within these works. Recently, she completed her MA in Holocaust Studies with Distinction at Royal Holloway, University of London. Her dissertation, \u201cInglourious Basterds: Rewriting American History,\u201d explored the Americanization of the Holocaust as a screen memory which replaces and misrepresents America\u2019s own genocidal past. She has also worked as a volunteer and blogger for both the Wiener Library, London, and the US National World War II Museum, New Orleans.\u00a0\u00a0<\/p>\n\n\n\n<p>Stephanie Franklin is a doctoral student in Music, based at Christ Church. Her research investigates Jewish women writers\u2019 engagement with musical culture in interwar Austria and Germany. Her work is supervised by Prof. Laura Tunbridge and Dr. Joanna Bullivant.<\/p>\n\n\n\n<p>Hannah\u00a0Scheithauer\u00a0obtained a BA in French and German (2016-2020) and an MSt in Comparative Literature and Critical Translation (2020-2021) from Jesus College, University of Oxford, and took courses at Georg-August-Universit\u00e4t G\u00f6ttingen (2015-2016) and \u00c9cole Normale Sup\u00e9rieure Paris (2018-2019). She has now returned to Oxford to pursue a Clarendon-funded comparative DPhil project at The Queen\u2019s College, exploring transnational memories in contemporary French and German literature. Alongside her own studies, she teaches modern German literature as a Stipendiary Lecturer at Jesus College.<\/p>\n","protected":false},"excerpt":{"rendered":"<p>Collaboration between students and academics is at the heart of the White Rose Project. We are delighted to announce that this academic year (2021-2022) we have a new graduate committee.\u00a0 Shivani Chauhan is pursuing a D.Phil. in German literature at the Faculty of Medieval and Modern Languages. Before coming to Oxford, she studied German language &hellip; <\/p>\n","protected":false},"author":2,"featured_media":0,"parent":0,"menu_order":0,"comment_status":"closed","ping_status":"closed","template":"","meta":{"footnotes":""},"class_list":["post-3509","page","type-page","status-publish","hentry"],"jetpack_sharing_enabled":true,"_links":{"self":[{"href":"https:\/\/whiteroseproject.seh.ox.ac.uk\/index.php\/wp-json\/wp\/v2\/pages\/3509","targetHints":{"allow":["GET"]}}],"collection":[{"href":"https:\/\/whiteroseproject.seh.ox.ac.uk\/index.php\/wp-json\/wp\/v2\/pages"}],"about":[{"href":"https:\/\/whiteroseproject.seh.ox.ac.uk\/index.php\/wp-json\/wp\/v2\/types\/page"}],"author":[{"embeddable":true,"href":"https:\/\/whiteroseproject.seh.ox.ac.uk\/index.php\/wp-json\/wp\/v2\/users\/2"}],"replies":[{"embeddable":true,"href":"https:\/\/whiteroseproject.seh.ox.ac.uk\/index.php\/wp-json\/wp\/v2\/comments?post=3509"}],"version-history":[{"count":2,"href":"https:\/\/whiteroseproject.seh.ox.ac.uk\/index.php\/wp-json\/wp\/v2\/pages\/3509\/revisions"}],"predecessor-version":[{"id":3699,"href":"https:\/\/whiteroseproject.seh.ox.ac.uk\/index.php\/wp-json\/wp\/v2\/pages\/3509\/revisions\/3699"}],"wp:attachment":[{"href":"https:\/\/whiteroseproject.seh.ox.ac.uk\/index.php\/wp-json\/wp\/v2\/media?parent=3509"}],"curies":[{"name":"wp","href":"https:\/\/api.w.org\/{rel}","templated":true}]}}